what is 1221 - 120?
1101
In base 12, what is 319 - -5?
322
In base 12, what is -3b + -8?
-47
In base 5, what is 2 - 10?
-3
In base 8, what is -113 + -4?
-117
In base 9, what is 4 - -1073?
1077
In base 3, what is -110002 - -1?
-110001
In base 6, what is -342 + -12?
-354
In base 15, what is -ca - 1?
-cb
In base 15, what is -3 + 3c0?
3bc
In base 13, what is -144 + -1?
-145
In base 13, what is 11 + 23?
34
In base 9, what is -10465 + 1?
-10464
In base 9, what is -4 - 10?
-14
In base 4, what is -2333 - -10?
-2323
In base 7, what is -3 + 50?
44
In base 12, what is -4 + -2350?
-2354
In base 5, what is 24 - -21432?
22011
In base 8, what is -2245 - 4?
-2251
In base 7, what is -32330 + -1?
-32331
In base 16, what is 2f2 - 2?
2f0
In base 14, what is 2 + 14d?
151
In base 13, what is -20 + -1?
-21
In base 4, what is 1021 - 13?
1002
In base 8, what is -1105 - 4?
-1111
In base 2, what is -1100 + -110000?
-111100
In base 6, what is 40400 + 2?
40402
In base 3, what is -12 + 2112210?
2112121
In base 8, what is -2 + 163?
161
In base 11, what is -344 - 14?
-358
In base 4, what is 10 - 100?
-30
In base 15, what is 71e - 5?
719
In base 14, what is -443 - -9?
-438
In base 11, what is 4 + -448?
-444
In base 3, what is 110211 - 0?
110211
In base 6, what is -24010 - -2?
-24004
In base 9, what is 4 - 2255?
-2251
In base 7, what is -6616 + -4?
-6623
In base 12, what is 1017 + 4?
101b
In base 9, what is 148 - 3?
145
In base 14, what is 8 - -2d?
37
In base 15, what is 3 - b4e?
-b4b
In base 14, what is 8 - 17?
-d
In base 5, what is -10 - 340?
-400
In base 4, what is 31203 - 3?
31200
In base 13, what is -3 - -113?
110
In base 2, what is -1 + -101101?
-101110
In base 16, what is 3d - -d?
4a
In base 5, what is -23 - -1?
-22
In base 9, what is 5 + -332?
-326
In base 9, what is 4 - 1406?
-1402
In base 8, what is 0 - -646?
646
In base 2, what is 1 + -10010111100100?
-10010111100011
In base 8, what is -3 - 2121?
-2124
In base 15, what is -30 + 25?
-a
In base 9, what is -2421 - 2?
-2423
In base 6, what is -5133 - -2?
-5131
In base 13, what is 5 + 948?
950
In base 8, what is 67 - -43?
132
In base 2, what is 11011000001 - -1000?
11011001001
In base 5, what is 2 - 42?
-40
In base 4, what is 10213 - 10?
10203
In base 5, what is 1022 + -22?
1000
In base 9, what is -1571 - 14?
-1585
In base 13, what is 117 + 0?
117
In base 13, what is -180 + -9?
-189
In base 9, what is -63 + 74?
11
In base 5, what is 323401 + 10?
323411
In base 2, what is -110011 - -10111011?
10001000
In base 2, what is 1101 + 101111?
111100
In base 14, what is 1 - c6?
-c5
In base 7, what is -15 + -54?
-102
In base 16, what is 2 + 1a0?
1a2
In base 14, what is -2 + -b?
-d
In base 16, what is 1e + 10?
2e
In base 6, what is 2 + -3123?
-3121
In base 13, what is 0 - -317?
317
In base 5, what is -220423 + 0?
-220423
In base 3, what is -102111 - -2?
-102102
In base 14, what is -1b - 12?
-2d
In base 5, what is 12 - -10032?
10044
In base 4, what is -2300011 - 10?
-2300021
In base 14, what is -14b5 - -3?
-14b2
In base 12, what is -1b5 - 4?
-1b9
In base 10, what is -26 - -112?
86
In base 3, what is -10020120 - 11?
-10020201
In base 14, what is 3 + -34?
-31
In base 11, what is -a4 + -6?
-aa
In base 9, what is -317 + 7?
-310
In base 16, what is 4 + -7d?
-79
In base 15, what is ab40 - 0?
ab40
In base 16, what is -5 + -6f?
-74
In base 4, what is -120 + -132?
-312
In base 11, what is -118a2 - 4?
-118a6
In base 11, what is 0 - 96?
-96
In base 2, what is -1001001 + -10000?
-1011001
In base 6, what is 223 - 0?
223
In base 11, what is 102 + -2?
100
In base 15, what is 4 - 4?
0
In base 9, what is 88 + 3?
102
In base 13, what is 50 - -2?
52
In base 6, what is 20355 - 0?
20355
In base 10, what is 14 - 1137?
-1123
In base 7, what is 41 - -1?
42
In base 9, what is 1 - -14?
15
In base 8, what is 52 + 167?
241
In base 2, what is -11100110010 - 1?
-11100110011
In base 11, what is -13 + -5a?
-72
In base 4, what is -3 + 103?
100
In base 11, what is -3 + -1a10?
-1a13
In base 11, what is -42 + -2?
-44
In base 10, what is 6722 + 5?
6727
In base 15, what is -160 - 4?
-164
In base 9, what is -486 + 5?
-481
In base 4, what is 310320 + 0?
310320
In base 5, what is 10 + -440?
-430
In base 14, what is 7 + c?
15
In base 14, what is 8 - 11a?
-112
In base 16, what is 20 + -8?
18
In base 6, what is -154 - 1?
-155
In base 6, what is -10 - 104?
-114
In base 6, what is 5 + -33?
-24
In base 13, what is -2 + 4?
2
In base 16, what is -74f + -5?
-754
In base 16, what is -5 - 13e?
-143
In base 6, what is -3 - 50212?
-50215
In base 8, what is 11 - 20?
-7
In base 4, what is 2 - -11302?
11310
In base 16, what is -3 - -66?
63
In base 7, what is -14 + -401?
-415
In base 7, what is -320 + -22?
-342
In base 14, what is 5 - 32?
-2b
In base 9, what is 7 - 8?
-1
In base 6, what is 2325 + 22?
2351
In base 6, what is -1 - -1204?
1203
In base 14, what is 1 + 177?
178
In base 15, what is -b + 78?
6c
In base 7, what is -142 + 0?
-142
In base 9, what is -135 + -30?
-165
In base 4, what is -31 + -2?
-33
In base 14, what is -22 - d?
-31
In base 11, what is -59 - -8?
-51
In base 10, what is 3 + -1791?
-1788
In base 13, what is c1 + 51?
142
In base 11, what is 1a + 16?
35
In base 3, what is -2202 - -10110?
201
In base 4, what is -2 + -1003?
-1011
In base 16, what is f83 - 1?
f82
In base 15, what is -490 - 4?
-494
In base 9, what is 55 + 65?
131
In base 2, what is -1001101 + -10?
-1001111
In base 11, what is -406 + 0?
-406
In base 11, what is -2470 - 5?
-2475
In base 8, what is 1177 - -4?
1203
In base 9, what is -404 - -5?
-388
In base 7, what is -16 + -232?
-251
In base 4, what is 11 - 11320?
-11303
In base 15, what is 7 - e?
-7
In base 4, what is 1001001 - 3?
1000332
In base 4, what is -30033 + -12?
-30111
In base 9, what is 5 + 264?
270
In base 11, what is -8 - 6?
-13
In base 4, what is 1012 - -220?
1232
In base 3, what is 0 - -1012?
1012
In base 4, what is 33 + -2?
31
In base 10, what is 1 + 9037?
9038
In base 3, what is 10222 - -21?
11020
In base 8, what is -254 + 0?
-254
In base 11, what is -436 - -1?
-435
In base 8, what is -357 - 4?
-363
In base 4, what is 3 - -12?
21
In base 6, what is 43304 - 5?
43255
In base 6, what is 1024 - -54?
1122
In base 9, what is -14 - 37?
-52
In base 9, what is -1137 + -2?
-1140
In base 8, what is 26625 + 2?
26627
In base 13, what is c + -4c?
-40
In base 9, what is -25 + -18?
-44
In base 15, what is -9e - 5?
-a4
In base 6, what is 0 + 11312?
11312
In base 3, what is -10 - 11210?
-11220
In base 2, what is -1000010110111 + 10?
-1000010110101
In base 12, what is 20 + -143?
-123
In base 8, what is -3 - -210?
205
In base 3, what is 2 - -112122?
112201
In base 12, what is -367 + -7?
-372
In base 7, what is 2 - 113?
-111
In base 10, what is -278 + 8?
-270
In base 8, what is -75 - -1?
-74
In base 7, what is -1 - -653?
652
In base 15, what is 28 + -154?
-12b
In base 4, what is 10132 - -10?
10202
In base 7, what is 52 - 42?
10
In base 7, what is 44142 - -3?
44145
In base 9, what is -5 + 41?
35
In base 8, what is 454 + 15?
471
In base 7, what is -6 + -12?
-21
In base 9, what is 4 + -63?
-58
In base 15, what is 5 - cd?
-c8
In base 4, what is -3133001 + 0?
-3133001
In base 8, what is -3 + -6007?
-6012
In base 2, what is 1000101101001101 + -1?
1000101101001100
In base 6, what is 250 + -5?
241
In base 10, what is 13 - 504?
-491
In base 3, what is 12 + -1020?
-1001
In base 10, what is -95 - -32?
-63
In base 8, what is 360 + -47?
311
In base 9, what is -187 - 6?
-204
In base 7, what is 2 - -13306?
13311
In base 6, what is 4 + 31?
35
In base 11, what is 172 + 0?
172
In base 9, what is -3 - -4?
1
In base 16, what is aa + -3?
a7
In base 13, what is -2 + -37?
-39
In base 7, what is -2 + 144?
142
In base 15, what is 3 + -60?
-5c
In base 8, what is -744 + -2?
-746
In base 11, what is 13 + 16?
29
In base 12, what is -2 + 150?
14a
In base 2, what is -101 + -100111?
-101100
In base 10, what is 5 + 122?
127
In base 2, what is 1011000 + 101?
1011101
In base 7, what is 2602 + 2?
2604
In base 4, what is 10023 - -11?
10100
In base 2, what is 10001 + 110?
10111
In base 6, what is -10 - 12452?
-12502
In base 8, what is 2125 - 4?
2121
In base 16, what is -17e + 0?
-17e
In base 3, what is 10020112020 - -10?
10020112100
In base 13, what is 30 - 6?
27
In base 3, what is 220 + -222?
-2
In